9
What is the highest common factor of 4070 and 2530?
110
Calculate the greatest common divisor of 121 and 23529.
11
What is the highest common factor of 129280 and 480?
160
What is the highest common factor of 2071 and 1539?
19
What is the highest common divisor of 3630775 and 50?
25
Calculate the highest common divisor of 99 and 590799.
33
Calculate the highest common divisor of 857393 and 2649.
883
What is the highest common divisor of 765 and 2430?
45
Calculate the greatest common divisor of 47287 and 1.
1
Calculate the greatest common factor of 4298 and 92714.
614
What is the highest common divisor of 67 and 50987?
67
What is the highest common divisor of 420 and 23835?
105
What is the greatest common factor of 11206 and 1664?
26
Calculate the highest common divisor of 4 and 31112.
4
Calculate the greatest common factor of 9783 and 207.
9
Calculate the greatest common divisor of 3956 and 9288.
172
What is the greatest common divisor of 3963656 and 24?
8
What is the greatest common divisor of 439616 and 200?
8
Calculate the highest common factor of 2946414 and 14928.
1866
What is the highest common divisor of 415899 and 99?
99
Calculate the greatest common factor of 919050 and 1100.
550
Calculate the highest common factor of 74 and 109372.
74
Calculate the highest common divisor of 146416 and 112.
16
Calculate the greatest common factor of 45 and 31960.
5
Calculate the highest common factor of 238 and 146608.
238
What is the greatest common divisor of 192 and 5226?
6
Calculate the greatest common divisor of 404700 and 276.
12
Calculate the highest common factor of 1945 and 6224.
389
What is the highest common factor of 6 and 5034?
6
What is the highest common divisor of 67110 and 15?
15
Calculate the greatest common divisor of 9 and 31575.
3
What is the greatest common factor of 717 and 1895987?
239
What is the highest common factor of 920 and 4856680?
920
What is the greatest common divisor of 288 and 20000?
32
What is the greatest common factor of 23870 and 109340?
770
What is the highest common factor of 968 and 48136?
88
Calculate the greatest common factor of 325057 and 170.
17
What is the highest common divisor of 44160 and 420?
60
Calculate the highest common factor of 119 and 17087.
7
Calculate the greatest common factor of 6578 and 63089.
299
Calculate the greatest common divisor of 6440 and 503608.
1288
Calculate the greatest common divisor of 1285968 and 219.
219
Calculate the highest common factor of 119 and 659498.
119
Calculate the greatest common factor of 84 and 27072.
12
What is the highest common factor of 4390 and 190?
10
What is the highest common divisor of 143096 and 248?
248
What is the greatest common factor of 14107368 and 264?
264
What is the highest common divisor of 2329 and 274?
137
Calculate the highest common divisor of 12095 and 82.
41
What is the greatest common divisor of 1404 and 6445764?
1404
Calculate the greatest common factor of 1038350 and 380.
190
Calculate the highest common factor of 525426 and 19437.
627
What is the greatest common divisor of 398293 and 119?
119
Calculate the greatest common factor of 2 and 3839.
1
Calculate the highest common factor of 28469 and 2744.
343
What is the greatest common factor of 27090 and 63?
63
What is the highest common factor of 117 and 374413?
13
Calculate the greatest common divisor of 189002 and 121.
121
What is the highest common divisor of 150 and 49425?
75
What is the greatest common factor of 914350 and 300?
50
What is the greatest common divisor of 258876 and 11562?
282
Calculate the greatest common factor of 266364 and 392.
196
What is the highest common divisor of 468 and 562692?
156
What is the greatest common factor of 25088 and 504?
56
What is the greatest common factor of 4012 and 1232687?
1003
Calculate the highest common divisor of 4161 and 4503.
57
Calculate the greatest common divisor of 225365 and 210.
35
Calculate the greatest common divisor of 45 and 153477.
9
Calculate the highest common factor of 223552 and 42.
14
Calculate the greatest common factor of 9682 and 13066.
94
What is the highest common factor of 1152 and 17328?
48
Calculate the highest common divisor of 53050 and 135.
5
What is the greatest common divisor of 356 and 972?
4
What is the greatest common divisor of 8950 and 6850?
50
Calculate the highest common divisor of 1078 and 7742.
98
What is the greatest common divisor of 94340 and 89?
89
Calculate the greatest common factor of 2019 and 27.
3
What is the greatest common factor of 110 and 976?
2
Calculate the highest common factor of 1547702 and 38.
38
Calculate the greatest common factor of 3836470 and 110.
110
Calculate the greatest common divisor of 1639 and 5513.
149
Calculate the highest common divisor of 80 and 626720.
80
Calculate the highest common divisor of 71064 and 5593.
329
What is the greatest common divisor of 8011963 and 587?
587
What is the greatest common factor of 225116 and 4676?
668
What is the highest common factor of 104450 and 10?
10
Calculate the greatest common divisor of 39915 and 63.
9
Calculate the greatest common factor of 58 and 21025.
29
Calculate the greatest common factor of 1508 and 158833.
29
Calculate the highest common factor of 300 and 3660.
60
What is the highest common factor of 236 and 520852?
236
What is the greatest common factor of 140548 and 29995?
857
What is the highest common factor of 2097 and 381188?
233
Calculate the highest common factor of 376 and 143068.
188
Calculate the greatest common divisor of 418392 and 4.
4
What is the greatest common factor of 308 and 32802?
154
What is the highest common divisor of 45 and 215172?
9
What is the highest common factor of 1181996 and 1308?
436
Calculate the highest common factor of 258266 and 2893.
263
Calculate the highest common divisor of 5357 and 396.
11
What is the highest common factor of 582 and 70713?
291
Calculate the greatest common divisor of 19730 and 30.
10
Calculate the highest common factor of 77989 and 4203.
467
Calculate the greatest common divisor of 6566 and 60123.
49
Calculate the highest common factor of 155 and 244931.
31
What is the greatest common divisor of 3143 and 1893433?
449
Calculate the highest common divisor of 18 and 65634.
6
What is the greatest common factor of 1221 and 444037?
407
What is the greatest common divisor of 56 and 54803?
7
What is the highest common factor of 72956 and 3904?
244
What is the highest common factor of 209914 and 206?
206
Calculate the highest common divisor of 445 and 14555.
5
What is the highest common factor of 248787 and 3003?
231
What is the highest common divisor of 7605 and 1305?
45
Calculate the highest common factor of 452751 and 456.
57
Calculate the highest common divisor of 484381 and 17.
17
Calculate the greatest common factor of 16128 and 63.
63
Calculate the greatest common divisor of 7 and 879781.
7
Calculate the highest common factor of 162 and 143910.
54
Calculate the highest common divisor of 1498 and 1862.
14
What is the highest common divisor of 6860 and 300?
20
Calculate the greatest common factor of 400585 and 1130.
565
What is the highest common factor of 262935 and 1035?
45
What is the greatest common factor of 2730673 and 11?
11
Calculate the highest common factor of 4930 and 406.
58
Calculate the highest common divisor of 5630 and 70.
10
What is the greatest common factor of 4057620 and 420?
420
What is the greatest common divisor of 232 and 239656?
232
Calculate the greatest common divisor of 260 and 17368.
52
What is the greatest common factor of 58869 and 62?
31
What is the greatest common divisor of 29 and 464899?
29
What is the greatest common divisor of 227 and 5327463?
227
What is the greatest common factor of 102 and 573?
3
What is the highest common factor of 222396 and 24?
12
Calculate the greatest common divisor of 148 and 214748.
148
What is the highest common divisor of 26 and 27534?
26
Calculate the greatest common factor of 15 and 12200.
5
Calculate the greatest common factor of 43778 and 91686.
826
What is the greatest common divisor of 202 and 1556006?
202
Calculate the highest common divisor of 14899 and 8507.
47
Calculate the greatest common factor of 604650 and 870.
870
What is the highest common divisor of 629 and 814?
37